+ 1233*f - 405. Calculate i(-153).
-1782
Let x(y) = -y**2 + 279822*y + 1119303. Calculate x(-4).
-1
Let k(s) = 9*s**3 + 5*s**2 + 9*s + 18. Give k(-7).
-2887
Let s(q) = -2*q**3 - 39*q**2 - 286*q - 4423. What is s(-18)?
-247
Let y(o) = 1492*o - 7421. What is y(5)?
39
Let n(p) = -4*p**3 - 94*p**2 - 59*p - 276. What is n(-24)?
2292
Let v(u) = 7*u**2 + 2725*u + 68447. Determine v(-27).
-25
Let n(x) = -13*x**2 - 1138*x + 717. What is n(-88)?
189
Let m(l) = -2*l**3 - 386*l**2 + 413*l + 4760. Calculate m(-194).
-90
Let g(d) = -d**3 - 74*d**2 - 472*d - 149. What is g(-67)?
52
Let k(x) = x**3 + 12*x**2 + 237*x + 1526. Give k(-8).
-114
Let j(z) = 7*z**2 - 184*z - 203814. Determine j(-158).
6
Let l(x) = -68534*x - 135917. Give l(-2).
1151
Let p(g) = -2530*g + 68327. Determine p(27).
17
Let u(j) = 821*j**2 - 45155*j - 6. What is u(55)?
-6
Let w(f) = 279106*f + 1674612. Determine w(-6).
-24
Let i(c) = -22*c**3 - 13*c**2 - 17*c + 37. Give i(2).
-225
Let i(w) = -w**3 + 83*w**2 - 474*w + 6708. Determine i(78).
156
Let l(y) = 84*y**2 - 3848*y + 98. Calculate l(47).
4798
Let j(v) = -v**3 + 86*v**2 - 345*v + 19205. Calculate j(84).
4337
Let p(w) = -6*w**3 + 218*w**2 - 86*w + 502. Give p(36).
-2
Let o(w) = 5*w**2 + 146*w - 72734. Calculate o(-136).
-110
Let g(l) = -7*l**2 + 2919*l - 76181. Calculate g(28).
63
Let r(i) = i**3 - 226*i**2 - 691*i + 969. Calculate r(229).
53
Let i(v) = v**3 - 11*v**2 + 126*v - 1686. Determine i(12).
-30
Let q(c) = c**3 - 14*c**2 - 231*c + 2463. What is q(8)?
231
Let j(r) = r**3 + 31*r**2 + 262*r + 810. Give j(-7).
152
Let i(h) = 2*h**3 - 16*h**2 - 54*h + 14. Calculate i(0).
14
Let f(p) = 10151*p - 345122. Give f(34).
12
Let d(q) = -30*q**2 - 284*q - 19. Calculate d(-2).
429
Let t(k) = 26*k**2 - 889*k - 689. Give t(35).
46
Let r(c) = 2*c**2 - 600*c + 10086. What is r(282)?
-66
Let n(s) = -153*s - 5122. Calculate n(-35).
233
Let t(g) = 372*g + 34599. Calculate t(-94).
-369
Let m(a) = -a**3 - 15*a**2 + 64*a + 302. Give m(-3).
2
Let c(j) = 343*j**2 + 146446*j - 6396. Give c(-427).
9
Let d(g) = -g**3 - 357*g**2 + 1868*g + 21007. Give d(-362).
11
Let x(i) = -i**2 - 9152*i + 664122. Give x(72).
-6
Let m(p) = 11*p**2 + 133636*p. Determine m(0).
0
Let f(v) = -75*v + 11598. Give f(150).
348
Let z(l) = 1150*l**2 + 499101*l + 449. Determine z(-434).
15
Let f(v) = -8*v**3 + 3*v**2 - 825*v - 828. What is f(-1)?
8
Let c(y) = 3*y**2 - 1865*y - 103027. Determine c(-51).
-109
Let n(u) = -198*u + 387. Calculate n(-5).
1377
Let n(w) = -14*w**2 + 668*w - 5482. Calculate n(8).
-1034
Let m(j) = -311664*j + 2493310. Determine m(8).
-2
Let k(l) = -79*l**2 - 3715*l - 49. Calculate k(-47).
45
Let j(b) = -40778*b + 489339. Determine j(12).
3
Let y(x) = 7*x**2 + 198*x + 111. What is y(-27)?
-132
Let s(i) = 10*i**3 + 287*i**2 - 60*i - 597. What is s(-29)?
-1380
Let r(g) = -12*g**3 - 10*g**2 + 48*g + 164. Calculate r(-5).
1174
Let d(i) = i**3 - 31*i**2 - 21*i - 140. Give d(32).
212
Let x(f) = 75*f**2 - 683*f - 12. Give x(11).
1550
Let d(h) = -3910*h - 206692. Determine d(-53).
538
Let n(y) = 4*y**2 + 1797*y + 51862. What is n(-31)?
-1
Let f(m) = -m**3 + 36*m**2 - 180*m - 158. Give f(6).
-158
Let c(v) = -2*v**3 - 147*v**2 - 1020*v - 1929. Give c(-66).
51
Let w(p) = 31*p**2 - 1405*p + 1107. What is w(45)?
657
Let y(u) = 262*u**2 + 6*u - 26. What is y(-2)?
1010
Let x(t) = -2*t**3 + 6*t**2 + 250*t - 367. What is x(12)?
41
Let l(m) = 19201*m - 77271. Determine l(4).
-467
Let q(w) = -w**3 - 104*w**2 - 1627*w - 1030. Determine q(-85).
-10
Let n(j) = 2*j**3 - 5*j**2 - 72*j + 29. Determine n(-7).
-398
Let g(l) = -2632*l - 178729. Give g(-68).
247
Let p(i) = 2695*i - 2469. Determine p(1).
226
Let a(w) = -43317*w + 11175784. What is a(258)?
-2
Let t(m) = -m**3 - 196*m**2 + 180*m - 3326. Determine t(-197).
23
Let l(h) = -8296*h - 2945074. What is l(-355)?
6
Let p(n) = -281*n + 153794. Calculate p(548).
-194
Let x(w) = 2*w**3 + 488*w**2 - 1805*w - 322191. Determine x(-245).
-16
Let g(b) = -1266*b + 48078. What is g(38)?
-30
Let u(f) = -100*f + 3589. Determine u(50).
-1411
Let y(n) = 99*n + 8789. What is y(-91)?
-220
Let t(q) = 18*q**2 + 14*q - 1578. What is t(9)?
6
Let g(m) = -217985*m + 1307915. Calculate g(6).
5
Let u(r) = 8*r - 2079. Determine u(94).
-1327
Let k(f) = -27*f**2 - 316*f - 1898. Give k(-6).
-974
Let v(x) = -4436*x + 492324. Give v(111).
-72
Let b(c) = -25*c**2 - 4551*c - 13618. Give b(-179).
-14
Let q(d) = 3*d**2 + 1628*d - 58620. Calculate q(34).
200
Let f(q) = 47154*q - 3442228. Give f(73).
14
Let x(a) = a**2 - 450*a + 3564. Give x(8).
28
Let w(y) = -8*y**2 - 60*y + 1394. What is w(10)?
-6
Let d(u) = u**2 - 169*u + 702. Calculate d(30).
-3468
Let j(l) = 27408*l - 109652. Calculate j(4).
-20
Let d(w) = w**2 - 39011*w + 701935. Determine d(18).
61
Let u(d) = 2*d**3 + 7*d**2 + 27*d + 93. Calculate u(-12).
-2679
Let z(q) = -1423*q + 14013. What is z(10)?
-217
Let n(a) = 4*a**3 - 769*a**2 - 602*a + 4473. Calculate n(193).
34
Let f(u) = 2*u**3 + 105*u**2 - 252*u + 1266. What is f(-55)?
1
Let l(y) = 88*y**2 - 52265*y - 4172. What is l(594)?
-14
Let n(q) = 275*q + 3082. Determine n(-9).
607
Let m(p) = 3*p**3 + 20*p**2 - 18*p + 416. Give m(-9).
11
Let y(o) = -3*o**3 - 11*o**2 + 560*o - 58. Give y(12).
-106
Let p(u) = -5*u**2 - 993*u - 48723. Determine p(-110).
7
Let i(w) = -w**2 - 2014*w + 404429. Give i(184).
-3
Let z(l) = l**3 + 10*l**2 + 95*l + 176. What is z(-13)?
-1566
Let h(t) = -2390189*t + 4780382. Determine h(2).
4
Let j(n) = -18255*n - 1022294. Give j(-56).
-14
Let b(p) = -5*p**2 + 1463*p + 34814. Give b(-23).
-1480
Let c(g) = 55*g - 2142. What is c(53)?
773
Let t(n) = -113*n**2 + 666*n - 130. Calculate t(6).
-202
Let j(p) = 15*p**3 - 4*p**2 - p + 61. What is j(5)?
1831
Let j(s) = s**3 + 15*s**2 + 54*s + 162. Give j(-9).
162
Let w(m) = m**3 - 464*m**2 - 344292*m + 17960. Determine w(-399).
5
Let b(y) = -268*y + 140707. Give b(526).
-261
Let b(p) = 2*p**3 + 11*p**2 - 79*p + 76. What is b(-8)?
388
Let d(v) = 8045*v - 15907. What is d(2)?
183
Let w(y) = -2*y**2 + 158*y + 1028. Give w(85).
8
Let t(m) = 34*m**2 - 68*m - 353. Calculate t(-5).
837
Let o(t) = -8*t**2 + 365*t - 233. Determine o(47).
-750
Let b(o) = 4*o**2 + 4757*o + 1413224. What is b(-611)?
-19
Let b(h) = -3*h**3 - 256*h**2 - 101*h - 1462. Give b(-85).
-102
Let y(x) = -44*x**2 - 1674*x - 3187. Give y(-2).
-15
Let l(i) = -6512*i + 32841. Determine l(5).
281
Let m(p) = 133432*p - 3602663. Give m(27).
1
Let g(x) = -634*x - 240906. Give g(-380).
14
Let s(i) = -809*i - 49810. What is s(-61)?
-461
Let d(b) = -2380*b - 1063872. Determine d(-447).
-12
Let u(f) = 46*f**2 - 1049*f - 193. What is u(23)?
14
Let n(c) = -2*c**3 - 625*c**2 - 2238*c - 23161. Give n(-309).
14
Let d(u) = -3*u**2 - 34569*u + 242121. What is d(7)?
-9
Let p(t) = -t**3 - 65*t**2 + 549*t + 27809. Determine p(-67).
4
Let s(v) = 166*v - 14957. Determine s(89).
-183
Let s(n) = -2*n**3 + 72*n**2 + 66*n + 311. What is s(37)?
15
Let t(x) = 112136*x - 4821826. Give t(43).
22
Let g(b) = 111*b**2 - 4268*b + 38485. Determine g(24).
-11
Let i(o) = 16*o**3 - 195*o**2 - 975*o - 13. What is i(16)?
3
Let g(c) = -c**2 - 183*c - 7094. Determine g(-56).
18
Let j(d) = -517*d - 88562. Calculate j(-172).
362
Let w(r) = 2*r**3 + 28*r**2 - 21*r + 57. Give w(-15).
-78
Let a(g) = 14*g**2 - 124*g - 539. Give a(12).
-11
Let k(b) = -1524*b - 7508. What is k(-5)?
112
Let o(i) = -3776*i + 1933198. Give o(512).
-114
Let c(i) = -604*i - 143778. Determine c(-238).
-26
Let o(s) = -3124925*s + 6249846. Calculate o(2).
-4
Let n(i) = 3*i**2 - 408*i + 9899. What is n(27)?
1070
Let g(k) = -k**2 - 887*k - 45165. What is g(-55)?
595
Let z(a) = -a**3 + 43*a**2 - 440*a - 65. Determine z(17).
-31
Let n(r) = 83*r**2 - 7*r + 31. Give n(4).
1331
Let x(z) = -z**3 + 13*z**2 - 1387*z + 6819. Calculate x(5).
84
Let r(z) = z**3 + 20*z**2 + 94*z + 425. Calculate r(-13).
386
Let t(w) = 82*w**2 + 93*w + 92. Calculate t(-1).
81
Let q(m) = 296*m**3 - 5017*m**2 - 263*m + 37. Determine q(17).
-99
Let n(k) = 43*k**3 - k**2 + 13*k - 4. Calculate n(-3).
-1213
Let z(q) = -q**3 + 104*q**2 - 195*q - 1581. Determine z(102).
-663
Let q(k) = 2*k**2 - 246*k + 3674. Give q(106).
70
Let a(v) = -82*v + 5658. What is a(69)?
0
Let z(o) = -183*o**3 - 60*o**2 - 6*o - 13. Determine z(2).
-1729
Let b(h) = -h**3